{"id":300,"date":"2019-06-10T21:02:23","date_gmt":"2019-06-10T19:02:23","guid":{"rendered":"http:\/\/stage.cegepgarneau.ca\/?page_id=300"},"modified":"2025-03-11T09:29:06","modified_gmt":"2025-03-11T13:29:06","slug":"remboursement-des-cotisations","status":"publish","type":"page","link":"https:\/\/fondation.cegepgarneau.ca\/index.php\/remboursement-des-cotisations\/","title":{"rendered":"Remboursement des cotisations"},"content":{"rendered":"<p>[et_pb_section fb_built=\u00a0\u00bb1&Prime; _builder_version=\u00a0\u00bb4.16&Prime; custom_padding=\u00a0\u00bb60px||60px|||\u00a0\u00bb global_colors_info=\u00a0\u00bb{}\u00a0\u00bb][et_pb_row _builder_version=\u00a0\u00bb4.16&Prime; global_colors_info=\u00a0\u00bb{}\u00a0\u00bb][et_pb_column type=\u00a0\u00bb4_4&Prime; _builder_version=\u00a0\u00bb4.16&Prime; custom_padding=\u00a0\u00bb|||\u00a0\u00bb global_colors_info=\u00a0\u00bb{}\u00a0\u00bb custom_padding__hover=\u00a0\u00bb|||\u00a0\u00bb][et_pb_text _builder_version=\u00a0\u00bb4.16&Prime; text_font=\u00a0\u00bb||||||||\u00a0\u00bb text_font_size=\u00a0\u00bb30px\u00a0\u00bb text_line_height=\u00a0\u00bb1.8em\u00a0\u00bb custom_margin=\u00a0\u00bb||0px|||\u00a0\u00bb global_colors_info=\u00a0\u00bb{}\u00a0\u00bb]<\/p>\n<p><span style=\"color: #e02b20;\">RAPPEL IMPORTANT<\/span><\/p>\n<p><span style=\"color: #77aacc;\"><\/span><\/p>\n<p>[\/et_pb_text][et_pb_text _builder_version=\u00a0\u00bb4.27.3&Prime; _module_preset=\u00a0\u00bbdefault\u00a0\u00bb global_colors_info=\u00a0\u00bb{}\u00a0\u00bb]<\/p>\n<p>Les demandes doivent \u00eatre achemin\u00e9es durant les jours ouvrables de la 5e<sup>\u00a0<\/sup>semaine de la session suivant le paiement de vos frais de session.<br \/><span>Les demandes re\u00e7ues avant et apr\u00e8s cette p\u00e9riode ne pourront pas \u00eatre accept\u00e9es.<\/span><\/p>\n<p>[\/et_pb_text][\/et_pb_column][\/et_pb_row][et_pb_row column_structure=\u00a0\u00bb1_2,1_2&Prime; _builder_version=\u00a0\u00bb4.27.3&Prime; _module_preset=\u00a0\u00bbdefault\u00a0\u00bb custom_padding=\u00a0\u00bb0px||60px||false|false\u00a0\u00bb global_colors_info=\u00a0\u00bb{}\u00a0\u00bb][et_pb_column type=\u00a0\u00bb1_2&Prime; _builder_version=\u00a0\u00bb4.16&Prime; _module_preset=\u00a0\u00bbdefault\u00a0\u00bb global_colors_info=\u00a0\u00bb{}\u00a0\u00bb][et_pb_text _builder_version=\u00a0\u00bb4.27.3&Prime; _module_preset=\u00a0\u00bbdefault\u00a0\u00bb custom_margin=\u00a0\u00bb17px|||||\u00a0\u00bb global_colors_info=\u00a0\u00bb{}\u00a0\u00bb]<\/p>\n<p><span style=\"color: #e02b20;\"><strong>Session automne 2025<\/strong><\/span><\/p>\n<p>Paiement des frais de session : Automne 2025<br \/>D\u00e9p\u00f4t des demandes : entre le 22 et 26 septembre 2025.<\/p>\n<p>[\/et_pb_text][\/et_pb_column][et_pb_column type=\u00a0\u00bb1_2&Prime; _builder_version=\u00a0\u00bb4.16&Prime; _module_preset=\u00a0\u00bbdefault\u00a0\u00bb global_colors_info=\u00a0\u00bb{}\u00a0\u00bb][et_pb_text _builder_version=\u00a0\u00bb4.27.3&Prime; _module_preset=\u00a0\u00bbdefault\u00a0\u00bb custom_margin=\u00a0\u00bb17px|||||\u00a0\u00bb global_colors_info=\u00a0\u00bb{}\u00a0\u00bb]<\/p>\n<p><span style=\"color: #e02b20;\"><strong>Session hiver 2026<\/strong><\/span><\/p>\n<p>Paiement des frais de session : Hiver 2026<br \/>D\u00e9p\u00f4t des demandes : entre le 16 et 20 f\u00e9vrier 2026.<\/p>\n<p>[\/et_pb_text][\/et_pb_column][\/et_pb_row][et_pb_row _builder_version=\u00a0\u00bb4.16&Prime; _module_preset=\u00a0\u00bbdefault\u00a0\u00bb custom_padding=\u00a0\u00bb0px|||||\u00a0\u00bb global_colors_info=\u00a0\u00bb{}\u00a0\u00bb][et_pb_column type=\u00a0\u00bb4_4&Prime; _builder_version=\u00a0\u00bb4.16&Prime; _module_preset=\u00a0\u00bbdefault\u00a0\u00bb global_colors_info=\u00a0\u00bb{}\u00a0\u00bb][et_pb_text _builder_version=\u00a0\u00bb4.16&Prime; text_font=\u00a0\u00bb||||||||\u00a0\u00bb text_font_size=\u00a0\u00bb30px\u00a0\u00bb text_line_height=\u00a0\u00bb1.8em\u00a0\u00bb global_colors_info=\u00a0\u00bb{}\u00a0\u00bb]<\/p>\n<p><span style=\"color: #00704a;\">REMBOURSEMENT DE LA COTISATION VOLONTAIRE<br \/>\u00c0 L\u2019ASSOCIATION DES PARENTS DU C\u00c9GEP GARNEAU<\/span><\/p>\n<p>[\/et_pb_text][et_pb_text _builder_version=\u00a0\u00bb4.18.0&Prime; global_colors_info=\u00a0\u00bb{}\u00a0\u00bb]<\/p>\n<p style=\"text-align: justify;\">Vos frais de scolarit\u00e9 comprennent \u00e9galement, une cotisation volontaire \u00e0 l\u2019Association des parents du C\u00e9gep Garneau, ce montant apparaissant sur votre facture comme suit :<\/p>\n<p style=\"text-align: justify;\"><strong>Cotisation \u00e0 l\u2019Association de parents du Coll\u00e8ge : 5 $<\/strong><\/p>\n<p style=\"text-align: justify;\">Entre autres, cette cotisation permet \u00e0 l\u2019Association des parents :<\/p>\n<ul style=\"text-align: justify;\">\n<li>Octroyer des bourses et subventions \u00e0 des projets \u00e9tudiants\u00a0;<\/li>\n<li>Contribuer financi\u00e8rement \u00e0 la r\u00e9alisation d\u2019activit\u00e9s de la Fondation du C\u00e9gep Garneau : bourses, activit\u00e9s de promotion, journ\u00e9es d\u2019accueil des \u00e9tudiants, am\u00e9liorations des \u00e9quipements ou locaux\u2026\u00a0;<\/li>\n<li>Tisser une relation de partenariat avec les \u00e9tudiants, le C\u00e9gep et les diff\u00e9rents acteurs du C\u00e9gep pour am\u00e9liorer la qualit\u00e9 de vie et la formation du C\u00e9gep.<\/li>\n<\/ul>\n<p style=\"text-align: justify;\">Pour ce faire, elle si\u00e8ge \u00e0 divers comit\u00e9s, dont le conseil d\u2019administration de la Fondation.<\/p>\n<p style=\"text-align: justify;\">La Fondation du C\u00e9gep Garneau agit \u00e0 titre d&rsquo;interm\u00e9diaire dans le processus de remboursement de cette cotisation.<\/p>\n<p style=\"text-align: justify;\">Pour recevoir un remboursement, vous devez d\u00e9poser une demande \u00e0 la Fondation du C\u00e9gep Garneau, voici ici-bas la proc\u00e9dure pr\u00e9sentement en vigueur.<\/p>\n<p><span>Les demandes doivent \u00eatre achemin\u00e9es par courriel \u00e0\u00a0<\/span><a href=\"mailto:fondation@cegepgarneau.ca\">fondation@cegepgarneau.ca<\/a><span>,<\/span><span>\u00a0<\/span><u>durant les jours ouvrables de la 5<span>e<\/span><span>\u00a0<\/span>semaine de la session.<br \/><\/u><span>Les demandes re\u00e7ues avant et apr\u00e8s cette p\u00e9riode seront malheureusement refus\u00e9es.<\/span><u><\/u><\/p>\n<p><u><\/u>Les demandes seront trait\u00e9es par la Direction des finances.<\/p>\n<p>Votre demande comprend OBLIGATOIREMENT* :<\/p>\n<ul>\n<li>Le formulaire \u00ab Demande de remboursement de la cotisation volontaire \u00e0 l&rsquo;Association des parents du C\u00e9gep Garneau \u00bb dat\u00e9 et sign\u00e9,<br \/>(disponible au bas de la page) ;<\/li>\n<li>Une copie de votre carte \u00e9tudiante valide \u00e9mise par le C\u00e9gep Garneau ;<\/li>\n<li>Une copie de votre \u00e9tat de compte que vous pouvez trouver sur votre portail Omnivox dans l\u2019onglet Centre de paiement ou Centre de paiement \u2013 Historique.<\/li>\n<\/ul>\n<p><em>*Seules les demandes compl\u00e8tes seront trait\u00e9es.<\/em><\/p>\n<p>[\/et_pb_text][\/et_pb_column][\/et_pb_row][et_pb_row _builder_version=\u00a0\u00bb4.16&Prime; custom_margin=\u00a0\u00bb0px|auto||auto||\u00a0\u00bb custom_padding=\u00a0\u00bb||0px|||\u00a0\u00bb global_colors_info=\u00a0\u00bb{}\u00a0\u00bb][et_pb_column type=\u00a0\u00bb4_4&Prime; _builder_version=\u00a0\u00bb4.16&Prime; custom_padding=\u00a0\u00bb|||\u00a0\u00bb global_colors_info=\u00a0\u00bb{}\u00a0\u00bb custom_padding__hover=\u00a0\u00bb|||\u00a0\u00bb][et_pb_text _builder_version=\u00a0\u00bb4.16&Prime; text_font=\u00a0\u00bb||||||||\u00a0\u00bb text_text_color=\u00a0\u00bb#7ac143&Prime; text_font_size=\u00a0\u00bb30px\u00a0\u00bb text_line_height=\u00a0\u00bb1.8em\u00a0\u00bb global_colors_info=\u00a0\u00bb{}\u00a0\u00bb]<\/p>\n<p>REMBOURSEMENT DES COTISATIONS VOLONTAIRES<br \/>\u00c0 LA FONDATION DU C\u00c9GEP GARNEAU<\/p>\n<p>[\/et_pb_text][et_pb_text _builder_version=\u00a0\u00bb4.18.0&Prime; global_colors_info=\u00a0\u00bb{}\u00a0\u00bb]<\/p>\n<p style=\"text-align: justify;\">Lors de votre inscription au C\u00e9gep Garneau, vous devez payer vos frais de scolarit\u00e9. Ceux\u2011ci comprennent, entre autre, deux cotisations volontaires \u00e0 la Fondation du C\u00e9gep Garneau, approuv\u00e9es, l&rsquo;une par l&rsquo;Association des \u00e9tudiants du C\u00e9gep Garneau et l&rsquo;autre par l\u2019Association des parents du C\u00e9gep Garneau. Ces montants apparaissant sur votre facture comme suit :<strong><\/strong><\/p>\n<p style=\"text-align: justify;\"><strong>Asso \u00c9tudiants: contribution volontaire \u00e0 la Fondation : 10 $<br \/>Asso Parents des \u00e9tudiants: contribution volontaire \u00e0 la Fondation : 5 $<\/strong><strong><\/strong><\/p>\n<p>Entre autres, ces cotisations permettent \u00e0 la Fondation d\u2019octroyer des bourses et subventions \u00e0 des projets \u00e9tudiants et de contribuer financi\u00e8rement \u00e0 la r\u00e9alisation de projets mobilisateurs de grande importance au d\u00e9veloppement du C\u00e9gep Garneau.<\/p>\n<p style=\"text-align: justify;\">Cependant, il est possible de faire une demande de remboursement. Pour ce faire, vous devez d\u00e9poser une demande \u00e0 la Fondation du C\u00e9gep Garneau, en respectant la proc\u00e9dure pr\u00e9sentement en vigueur.<span style=\"font-size: 14px; background-color: #ffffff;\"><\/span><\/p>\n<p style=\"text-align: justify;\"><span style=\"font-size: 14px; background-color: #ffffff;\">Les demandes doivent \u00eatre achemin\u00e9es par courriel \u00e0 <\/span><a href=\"mailto:fondation@cegepgarneau.ca\" style=\"font-size: 14px; background-color: #ffffff;\">fondation@cegepgarneau.ca<\/a><span style=\"font-size: 14px; background-color: #ffffff;\">,<\/span><span style=\"font-size: 14px; background-color: #ffffff;\">\u00a0<\/span><u style=\"font-size: 14px; background-color: #ffffff;\">durant les jours ouvrables de la 5e semaine de la session.<br \/><\/u><span style=\"font-size: 14px; background-color: #ffffff;\">Les demandes re\u00e7ues avant et apr\u00e8s cette p\u00e9riode seront malheureusement refus\u00e9es.<\/span><u style=\"font-size: 14px; background-color: #ffffff;\"><\/u><\/p>\n<p style=\"text-align: justify;\">Les demandes seront trait\u00e9es par la Direction des finances.<\/p>\n<p style=\"text-align: justify;\">Votre demande comprend OBLIGATOIREMENT* :<\/p>\n<ul style=\"text-align: justify;\">\n<li>Le formulaire \u00ab Demande de remboursement des cotisations volontaires \u00e0 la Fondation du C\u00e9gep Garneau \u00bb dat\u00e9 et sign\u00e9, (disponible au bas de la page) ;<\/li>\n<li>Une copie de votre carte \u00e9tudiante valide \u00e9mise par le C\u00e9gep Garneau ;<\/li>\n<li>Une copie de votre \u00e9tat de compte que vous pouvez trouver sur votre portail Omnivox dans l\u2019onglet Centre de paiement ou Centre de paiement \u2013 Historique.<\/li>\n<\/ul>\n<p style=\"text-align: justify;\"><em>*Seules les demandes compl\u00e8tes seront trait\u00e9es.<\/em><\/p>\n<p>[\/et_pb_text][\/et_pb_column][\/et_pb_row][et_pb_row column_structure=\u00a0\u00bb1_2,1_2&Prime; _builder_version=\u00a0\u00bb4.27.3&Prime; _module_preset=\u00a0\u00bbdefault\u00a0\u00bb global_colors_info=\u00a0\u00bb{}\u00a0\u00bb][et_pb_column type=\u00a0\u00bb1_2&Prime; _builder_version=\u00a0\u00bb4.27.3&Prime; _module_preset=\u00a0\u00bbdefault\u00a0\u00bb global_colors_info=\u00a0\u00bb{}\u00a0\u00bb][et_pb_image src=\u00a0\u00bbhttps:\/\/fondation.cegepgarneau.ca\/wp-content\/uploads\/2025\/03\/Cotisation-AssoParents-Formulaire.png\u00a0\u00bb title_text=\u00a0\u00bbCotisation AssoParents &#8211; Formulaire\u00a0\u00bb url=\u00a0\u00bbhttps:\/\/fondation.cegepgarneau.ca\/wp-content\/uploads\/2024\/09\/Formulaire-Remboursement-cotisation-volontaire-Association-parents-2.pdf\u00a0\u00bb _builder_version=\u00a0\u00bb4.27.3&Prime; _module_preset=\u00a0\u00bbdefault\u00a0\u00bb global_colors_info=\u00a0\u00bb{}\u00a0\u00bb][\/et_pb_image][\/et_pb_column][et_pb_column type=\u00a0\u00bb1_2&Prime; _builder_version=\u00a0\u00bb4.27.3&Prime; _module_preset=\u00a0\u00bbdefault\u00a0\u00bb global_colors_info=\u00a0\u00bb{}\u00a0\u00bb][et_pb_image src=\u00a0\u00bbhttps:\/\/fondation.cegepgarneau.ca\/wp-content\/uploads\/2025\/03\/Cotisations-FDCG-Formulaire.png\u00a0\u00bb title_text=\u00a0\u00bbCotisations FDCG &#8211; Formulaire\u00a0\u00bb url=\u00a0\u00bbhttps:\/\/fondation.cegepgarneau.ca\/wp-content\/uploads\/2024\/09\/Formulaire-Remboursement-cotisations-volontaires-Fondation.pdf\u00a0\u00bb _builder_version=\u00a0\u00bb4.27.3&Prime; _module_preset=\u00a0\u00bbdefault\u00a0\u00bb global_colors_info=\u00a0\u00bb{}\u00a0\u00bb][\/et_pb_image][\/et_pb_column][\/et_pb_row][\/et_pb_section]<\/p>\n","protected":false},"excerpt":{"rendered":"<p>RAPPEL IMPORTANT Les demandes doivent \u00eatre achemin\u00e9es durant les jours ouvrables de la 5e\u00a0semaine de la session suivant le paiement de vos frais de session.Les demandes re\u00e7ues avant et apr\u00e8s cette p\u00e9riode ne pourront pas \u00eatre accept\u00e9es.Session automne 2025 Paiement des frais de session : Automne 2025D\u00e9p\u00f4t des demandes : entre le 22 et 26 [&hellip;]<\/p>\n","protected":false},"author":1,"featured_media":0,"parent":0,"menu_order":0,"comment_status":"closed","ping_status":"closed","template":"","meta":{"_et_pb_use_builder":"on","_et_pb_old_content":"","_et_gb_content_width":"","om_disable_all_campaigns":false,"_monsterinsights_skip_tracking":false,"_monsterinsights_sitenote_active":false,"_monsterinsights_sitenote_note":"","_monsterinsights_sitenote_category":0,"footnotes":""},"class_list":["post-300","page","type-page","status-publish","hentry"],"aioseo_notices":[],"_links":{"self":[{"href":"https:\/\/fondation.cegepgarneau.ca\/index.php\/wp-json\/wp\/v2\/pages\/300","targetHints":{"allow":["GET"]}}],"collection":[{"href":"https:\/\/fondation.cegepgarneau.ca\/index.php\/wp-json\/wp\/v2\/pages"}],"about":[{"href":"https:\/\/fondation.cegepgarneau.ca\/index.php\/wp-json\/wp\/v2\/types\/page"}],"author":[{"embeddable":true,"href":"https:\/\/fondation.cegepgarneau.ca\/index.php\/wp-json\/wp\/v2\/users\/1"}],"replies":[{"embeddable":true,"href":"https:\/\/fondation.cegepgarneau.ca\/index.php\/wp-json\/wp\/v2\/comments?post=300"}],"version-history":[{"count":132,"href":"https:\/\/fondation.cegepgarneau.ca\/index.php\/wp-json\/wp\/v2\/pages\/300\/revisions"}],"predecessor-version":[{"id":3282,"href":"https:\/\/fondation.cegepgarneau.ca\/index.php\/wp-json\/wp\/v2\/pages\/300\/revisions\/3282"}],"wp:attachment":[{"href":"https:\/\/fondation.cegepgarneau.ca\/index.php\/wp-json\/wp\/v2\/media?parent=300"}],"curies":[{"name":"wp","href":"https:\/\/api.w.org\/{rel}","templated":true}]}}