{"id":34,"date":"2019-06-05T16:55:21","date_gmt":"2019-06-05T14:55:21","guid":{"rendered":"http:\/\/stage.cegepgarneau.ca\/?page_id=34"},"modified":"2025-09-10T11:32:28","modified_gmt":"2025-09-10T15:32:28","slug":"guichet-unique","status":"publish","type":"page","link":"https:\/\/fondation.cegepgarneau.ca\/index.php\/guichet-unique\/","title":{"rendered":"Guichet unique"},"content":{"rendered":"<p>[et_pb_section fb_built=\u00a0\u00bb1&Prime; _builder_version=\u00a0\u00bb4.23.4&Prime; custom_padding=\u00a0\u00bb||0px|||\u00a0\u00bb global_colors_info=\u00a0\u00bb{}\u00a0\u00bb][et_pb_row _builder_version=\u00a0\u00bb4.16&Prime; global_colors_info=\u00a0\u00bb{}\u00a0\u00bb][et_pb_column type=\u00a0\u00bb4_4&Prime; _builder_version=\u00a0\u00bb4.16&Prime; custom_padding=\u00a0\u00bb|||\u00a0\u00bb global_colors_info=\u00a0\u00bb{}\u00a0\u00bb custom_padding__hover=\u00a0\u00bb|||\u00a0\u00bb][et_pb_text _builder_version=\u00a0\u00bb4.23.4&Prime; text_font=\u00a0\u00bb||||||||\u00a0\u00bb text_font_size=\u00a0\u00bb24px\u00a0\u00bb global_colors_info=\u00a0\u00bb{}\u00a0\u00bb]<\/p>\n<p><span class=\"OYPEnA text-decoration-none text-strikethrough-none\">PARTAGE-NOUS TES R\u00caVES ET AMBITIONS, NOUS SOMMES L\u00c0 POUR T&rsquo;AIDER \u00c0 LES R\u00c9ALISER !<\/span><\/p>\n<p>[\/et_pb_text][\/et_pb_column][\/et_pb_row][\/et_pb_section][et_pb_section fb_built=\u00a0\u00bb1&Prime; _builder_version=\u00a0\u00bb4.23.4&Prime; custom_margin=\u00a0\u00bb0px||||false|false\u00a0\u00bb custom_padding=\u00a0\u00bb0px||0px|||\u00a0\u00bb global_colors_info=\u00a0\u00bb{}\u00a0\u00bb][et_pb_row _builder_version=\u00a0\u00bb4.23.4&Prime; _module_preset=\u00a0\u00bbdefault\u00a0\u00bb custom_padding=\u00a0\u00bb0px|||||\u00a0\u00bb global_colors_info=\u00a0\u00bb{}\u00a0\u00bb][et_pb_column type=\u00a0\u00bb4_4&Prime; _builder_version=\u00a0\u00bb4.23.4&Prime; _module_preset=\u00a0\u00bbdefault\u00a0\u00bb global_colors_info=\u00a0\u00bb{}\u00a0\u00bb][et_pb_image src=\u00a0\u00bbhttps:\/\/fondation.cegepgarneau.ca\/wp-content\/uploads\/2024\/07\/GU.png\u00a0\u00bb title_text=\u00a0\u00bbGU\u00a0\u00bb _builder_version=\u00a0\u00bb4.23.4&Prime; _module_preset=\u00a0\u00bbdefault\u00a0\u00bb global_colors_info=\u00a0\u00bb{}\u00a0\u00bb][\/et_pb_image][\/et_pb_column][\/et_pb_row][et_pb_row _builder_version=\u00a0\u00bb4.16&Prime; custom_padding=\u00a0\u00bb||0px|||\u00a0\u00bb global_colors_info=\u00a0\u00bb{}\u00a0\u00bb][et_pb_column type=\u00a0\u00bb4_4&Prime; _builder_version=\u00a0\u00bb4.16&Prime; custom_padding=\u00a0\u00bb|||\u00a0\u00bb global_colors_info=\u00a0\u00bb{}\u00a0\u00bb custom_padding__hover=\u00a0\u00bb|||\u00a0\u00bb][et_pb_text _builder_version=\u00a0\u00bb4.23.4&Prime; text_text_color=\u00a0\u00bb#000000&Prime; min_height=\u00a0\u00bb627.2px\u00a0\u00bb custom_padding=\u00a0\u00bb||0px|||\u00a0\u00bb global_colors_info=\u00a0\u00bb{}\u00a0\u00bb]<\/p>\n<p style=\"text-align: justify;\"><span style=\"font-size: 14px;\"><span style=\"color: #666666;\">Le programme de subventions du Guichet unique de la Fondation a pour but de soutenir des projets initi\u00e9s par les \u00e9tudiantes, les \u00e9tudiants et les membres du personnel du C\u00e9gep Garneau. La Fondation du C\u00e9gep Garneau ainsi que les cinq autres partenaires du Guichet unique (l\u2019Association g\u00e9n\u00e9rale \u00e9tudiante du C\u00e9gep Garneau, l\u2019Association des parents du C\u00e9gep Garneau, COOPSCO F. X. Garneau, la Direction des affaires \u00e9tudiantes et communautaires du C\u00e9gep Garneau et la Caisse Desjardins du Plateau Montcalm) sont fiers de contribuer \u00e0 l\u2019enrichissement de la formation de la communaut\u00e9 \u00e9tudiante \u00e0 l&rsquo;aide de subventions se chiffrant \u00e0 pr\u00e8s de 100 000 $ annuellement.<\/span><\/span><\/p>\n<p><span style=\"color: #666666;\">\u00c0 l\u2019aide d\u2019un seul formulaire, un(e) requ\u00e9rant(e) peut adresser sa demande \u00e0 ces six partenaires.<\/span><br \/><span style=\"color: #666666;\">Cette demande doit \u00eatre achemin\u00e9e par courriel uniquement \u00e0 la Fondation. C\u2019est la Fondation qui transmet la demande aux autres partenaires.<\/span><\/p>\n<p><span style=\"color: #666666;\">\u00a0<\/span><\/p>\n<p><span style=\"color: #666666;\"><strong>Qui peut adresser une demande ?<br \/><\/strong>Les \u00e9tudiantes et les \u00e9tudiants inscrits \u00e0 temps plein et les employ\u00e9s ont la chance de pouvoir b\u00e9n\u00e9ficier d\u2019un coup de pouce financier pour r\u00e9aliser leur projet.<\/span><br \/><span style=\"color: #666666;\">Vous avez des projets plein la t\u00eate? Si vous pensez qu\u2019ils s\u2019inscrivent dans nos objectifs et respectent nos principes directeurs, d\u00e9posez votre demande sans plus attendre.<\/span><\/p>\n<p><span style=\"color: #666666;\">\u00a0<\/span><\/p>\n<p><span style=\"color: #666666;\"><strong>Comment faire une demande au Guichet unique ?<br \/><\/strong>Remplissez le formulaire et faites-le parvenir \u00e0 <\/span><a href=\"mailto:fondation@cegepgarneau.ca\">fondation@cegepgarneau.ca<\/a><\/p>\n<p>&nbsp;<\/p>\n<p><span style=\"color: #00704a;\"><strong>Avis important<\/strong><\/span><\/p>\n<ul>\n<li style=\"text-align: justify;\"><span style=\"color: #666666;\">Veuillez lire attentivement les crit\u00e8res d&rsquo;admissibilit\u00e9 avant de remplir votre demande de subvention.<\/span><\/li>\n<li><span style=\"color: #666666;\">Seules les demandes re\u00e7ues par courriel \u00e0 fondation@cegepgarneau.ca seront accept\u00e9es.<\/span><\/li>\n<li><span style=\"color: #666666;\">Une r\u00e9ponse concernant votre demande vous sera communiqu\u00e9e environ cinq (5) semaines apr\u00e8s la date limite de d\u00e9p\u00f4t \u00e0 laquelle vous participez.<\/span><span style=\"color: #666666;\"><\/span><\/li>\n<li style=\"text-align: justify;\"><span style=\"color: #666666;\">Remettre \u00e0 la Fondation du C\u00e9gep Garneau le \u00ab Bilan de projet \u00bb au plus tard trente (30) jours suivant la r\u00e9alisation de votre projet.<\/span><\/li>\n<\/ul>\n<p>[\/et_pb_text][\/et_pb_column][\/et_pb_row][\/et_pb_section][et_pb_section fb_built=\u00a0\u00bb1&Prime; _builder_version=\u00a0\u00bb4.23.4&Prime; custom_padding=\u00a0\u00bb||0px|||\u00a0\u00bb global_colors_info=\u00a0\u00bb{}\u00a0\u00bb][et_pb_row _builder_version=\u00a0\u00bb4.16&Prime; global_colors_info=\u00a0\u00bb{}\u00a0\u00bb][et_pb_column type=\u00a0\u00bb4_4&Prime; _builder_version=\u00a0\u00bb4.16&Prime; custom_padding=\u00a0\u00bb|||\u00a0\u00bb global_colors_info=\u00a0\u00bb{}\u00a0\u00bb custom_padding__hover=\u00a0\u00bb|||\u00a0\u00bb][et_pb_text _builder_version=\u00a0\u00bb4.23.4&Prime; text_font=\u00a0\u00bb||||||||\u00a0\u00bb text_font_size=\u00a0\u00bb30px\u00a0\u00bb global_colors_info=\u00a0\u00bb{}\u00a0\u00bb]<\/p>\n<p>DATES LIMITES POUR D\u00c9POSER UNE DEMANDE<\/p>\n<p>[\/et_pb_text][\/et_pb_column][\/et_pb_row][et_pb_row column_structure=\u00a0\u00bb1_4,1_4,1_4,1_4&Prime; _builder_version=\u00a0\u00bb4.16&Prime; custom_padding=\u00a0\u00bb||0px|||\u00a0\u00bb global_colors_info=\u00a0\u00bb{}\u00a0\u00bb][et_pb_column type=\u00a0\u00bb1_4&Prime; _builder_version=\u00a0\u00bb4.16&Prime; custom_padding=\u00a0\u00bb|||\u00a0\u00bb global_colors_info=\u00a0\u00bb{}\u00a0\u00bb custom_padding__hover=\u00a0\u00bb|||\u00a0\u00bb][et_pb_text _builder_version=\u00a0\u00bb4.27.4&Prime; hover_enabled=\u00a0\u00bb0&Prime; global_colors_info=\u00a0\u00bb{}\u00a0\u00bb sticky_enabled=\u00a0\u00bb0&Prime;]<\/p>\n<p style=\"text-align: center;\"><span style=\"font-size: 14px; color: #00704a;\"><strong>D\u00e9p\u00f4t 1<br \/><\/strong><\/span><span style=\"font-size: 14px;\">Jeudi 11 septembre 2025 \u00e0 16 h<br \/><span style=\"color: #ff0000;\"><strong>D\u00e9lai suppl\u00e9mentaire jusqu&rsquo;au dimanche 14 septembre \u00e0 minuit<\/strong><\/span><\/span><span style=\"font-size: 14px;\"><\/span><\/p>\n<p>[\/et_pb_text][\/et_pb_column][et_pb_column type=\u00a0\u00bb1_4&Prime; _builder_version=\u00a0\u00bb4.16&Prime; custom_padding=\u00a0\u00bb|||\u00a0\u00bb global_colors_info=\u00a0\u00bb{}\u00a0\u00bb custom_padding__hover=\u00a0\u00bb|||\u00a0\u00bb][et_pb_text _builder_version=\u00a0\u00bb4.27.4&Prime; global_colors_info=\u00a0\u00bb{}\u00a0\u00bb]<\/p>\n<p style=\"text-align: center;\"><span style=\"font-size: 14px; color: #00704a;\"><strong>D\u00e9p\u00f4t 2<br \/><\/strong><\/span><span style=\"font-size: 14px;\">Jeudi 13 novembre 2025 \u00e0 16 h<\/span><\/p>\n<p>[\/et_pb_text][\/et_pb_column][et_pb_column type=\u00a0\u00bb1_4&Prime; _builder_version=\u00a0\u00bb4.16&Prime; custom_padding=\u00a0\u00bb|||\u00a0\u00bb global_colors_info=\u00a0\u00bb{}\u00a0\u00bb custom_padding__hover=\u00a0\u00bb|||\u00a0\u00bb][et_pb_text _builder_version=\u00a0\u00bb4.27.4&Prime; global_colors_info=\u00a0\u00bb{}\u00a0\u00bb]<\/p>\n<p style=\"text-align: center;\"><span style=\"font-size: 14px; color: #00704a;\"><strong>D\u00e9p\u00f4t 3<br \/><\/strong><\/span><span style=\"font-size: 14px;\">Jeudi 5 f\u00e9vrier 2026 \u00e0 16 h<\/span><\/p>\n<p style=\"text-align: center;\"><span style=\"font-size: 14px;\"><\/span><\/p>\n<p>[\/et_pb_text][\/et_pb_column][et_pb_column type=\u00a0\u00bb1_4&Prime; _builder_version=\u00a0\u00bb4.16&Prime; custom_padding=\u00a0\u00bb|||\u00a0\u00bb global_colors_info=\u00a0\u00bb{}\u00a0\u00bb custom_padding__hover=\u00a0\u00bb|||\u00a0\u00bb][et_pb_text _builder_version=\u00a0\u00bb4.27.4&Prime; global_colors_info=\u00a0\u00bb{}\u00a0\u00bb]<\/p>\n<p style=\"text-align: center;\"><span style=\"font-size: 14px; color: #00704a;\"><strong>D\u00e9p\u00f4t 4<br \/><\/strong><\/span><span style=\"font-size: 14px;\">Jeudi 7 mai 2026 \u00e0 16 h<\/span><span style=\"font-size: 14px;\"><\/span><\/p>\n<p style=\"text-align: center;\"><span style=\"font-size: 14px;\"><\/span><\/p>\n<p>[\/et_pb_text][\/et_pb_column][\/et_pb_row][\/et_pb_section][et_pb_section fb_built=\u00a0\u00bb1&Prime; _builder_version=\u00a0\u00bb4.23.4&Prime; custom_padding=\u00a0\u00bb||0px|||\u00a0\u00bb global_colors_info=\u00a0\u00bb{}\u00a0\u00bb][et_pb_row column_structure=\u00a0\u00bb1_3,1_3,1_3&Prime; _builder_version=\u00a0\u00bb4.23.4&Prime; _module_preset=\u00a0\u00bbdefault\u00a0\u00bb global_colors_info=\u00a0\u00bb{}\u00a0\u00bb][et_pb_column type=\u00a0\u00bb1_3&Prime; _builder_version=\u00a0\u00bb4.23.4&Prime; _module_preset=\u00a0\u00bbdefault\u00a0\u00bb global_colors_info=\u00a0\u00bb{}\u00a0\u00bb][\/et_pb_column][et_pb_column type=\u00a0\u00bb1_3&Prime; _builder_version=\u00a0\u00bb4.23.4&Prime; _module_preset=\u00a0\u00bbdefault\u00a0\u00bb global_colors_info=\u00a0\u00bb{}\u00a0\u00bb][et_pb_image src=\u00a0\u00bbhttps:\/\/fondation.cegepgarneau.ca\/wp-content\/uploads\/2025\/02\/GU-Formulaire.png\u00a0\u00bb alt=\u00a0\u00bbDossier de candidature\u00a0\u00bb title_text=\u00a0\u00bbGU &#8211; Formulaire\u00a0\u00bb url=\u00a0\u00bbhttps:\/\/fondation.cegepgarneau.ca\/wp-content\/uploads\/2024\/09\/GU-Fomulaire-de-demande-2024-2025.pdf\u00a0\u00bb align=\u00a0\u00bbcenter\u00a0\u00bb _builder_version=\u00a0\u00bb4.27.3&Prime; _module_preset=\u00a0\u00bbdefault\u00a0\u00bb module_alignment=\u00a0\u00bbcenter\u00a0\u00bb custom_margin=\u00a0\u00bb||11px||false|false\u00a0\u00bb global_colors_info=\u00a0\u00bb{}\u00a0\u00bb][\/et_pb_image][\/et_pb_column][et_pb_column type=\u00a0\u00bb1_3&Prime; _builder_version=\u00a0\u00bb4.23.4&Prime; _module_preset=\u00a0\u00bbdefault\u00a0\u00bb global_colors_info=\u00a0\u00bb{}\u00a0\u00bb][\/et_pb_column][\/et_pb_row][\/et_pb_section][et_pb_section fb_built=\u00a0\u00bb1&Prime; _builder_version=\u00a0\u00bb4.23.4&Prime; _module_preset=\u00a0\u00bbdefault\u00a0\u00bb custom_padding=\u00a0\u00bb0px||60px|||\u00a0\u00bb global_colors_info=\u00a0\u00bb{}\u00a0\u00bb][et_pb_row _builder_version=\u00a0\u00bb4.23.4&Prime; _module_preset=\u00a0\u00bbdefault\u00a0\u00bb custom_padding=\u00a0\u00bb0px||0px|||\u00a0\u00bb global_colors_info=\u00a0\u00bb{}\u00a0\u00bb][et_pb_column type=\u00a0\u00bb4_4&Prime; _builder_version=\u00a0\u00bb4.23.4&Prime; _module_preset=\u00a0\u00bbdefault\u00a0\u00bb global_colors_info=\u00a0\u00bb{}\u00a0\u00bb][et_pb_image src=\u00a0\u00bbhttps:\/\/fondation.cegepgarneau.ca\/wp-content\/uploads\/2024\/10\/Bandeau-Site-internet.png\u00a0\u00bb title_text=\u00a0\u00bbBandeau &#8211; Site internet\u00a0\u00bb _builder_version=\u00a0\u00bb4.23.4&Prime; _module_preset=\u00a0\u00bbdefault\u00a0\u00bb global_colors_info=\u00a0\u00bb{}\u00a0\u00bb][\/et_pb_image][\/et_pb_column][\/et_pb_row][\/et_pb_section]<\/p>\n","protected":false},"excerpt":{"rendered":"<p>PARTAGE-NOUS TES R\u00caVES ET AMBITIONS, NOUS SOMMES L\u00c0 POUR T&rsquo;AIDER \u00c0 LES R\u00c9ALISER !Le programme de subventions du Guichet unique de la Fondation a pour but de soutenir des projets initi\u00e9s par les \u00e9tudiantes, les \u00e9tudiants et les membres du personnel du C\u00e9gep Garneau. La Fondation du C\u00e9gep Garneau ainsi que les cinq autres partenaires [&hellip;]<\/p>\n","protected":false},"author":1,"featured_media":0,"parent":0,"menu_order":0,"comment_status":"closed","ping_status":"closed","template":"","meta":{"_et_pb_use_builder":"on","_et_pb_old_content":"","_et_gb_content_width":"","om_disable_all_campaigns":false,"_monsterinsights_skip_tracking":false,"_monsterinsights_sitenote_active":false,"_monsterinsights_sitenote_note":"","_monsterinsights_sitenote_category":0,"footnotes":""},"class_list":["post-34","page","type-page","status-publish","hentry"],"aioseo_notices":[],"_links":{"self":[{"href":"https:\/\/fondation.cegepgarneau.ca\/index.php\/wp-json\/wp\/v2\/pages\/34","targetHints":{"allow":["GET"]}}],"collection":[{"href":"https:\/\/fondation.cegepgarneau.ca\/index.php\/wp-json\/wp\/v2\/pages"}],"about":[{"href":"https:\/\/fondation.cegepgarneau.ca\/index.php\/wp-json\/wp\/v2\/types\/page"}],"author":[{"embeddable":true,"href":"https:\/\/fondation.cegepgarneau.ca\/index.php\/wp-json\/wp\/v2\/users\/1"}],"replies":[{"embeddable":true,"href":"https:\/\/fondation.cegepgarneau.ca\/index.php\/wp-json\/wp\/v2\/comments?post=34"}],"version-history":[{"count":116,"href":"https:\/\/fondation.cegepgarneau.ca\/index.php\/wp-json\/wp\/v2\/pages\/34\/revisions"}],"predecessor-version":[{"id":3631,"href":"https:\/\/fondation.cegepgarneau.ca\/index.php\/wp-json\/wp\/v2\/pages\/34\/revisions\/3631"}],"wp:attachment":[{"href":"https:\/\/fondation.cegepgarneau.ca\/index.php\/wp-json\/wp\/v2\/media?parent=34"}],"curies":[{"name":"wp","href":"https:\/\/api.w.org\/{rel}","templated":true}]}}